-4). Let g = -544 + 549. Suppose g*t - 25 = 0, m - 3*t + 44 = d*m. What is the tens digit of m?
2
Suppose 3*h + 2 = 5*h, 5*h = w + 3. Let v = w - -32. What is the tens digit of v?
3
Let i(y) be the third derivative of 5*y**4/24 + 23*y**3/6 - 17*y**2. What is the units digit of i(6)?
3
Suppose -18 = 12*m - 18*m. Suppose -5*d + 14 = -1, 5*d + 135 = m*w. What is the tens digit of w?
5
Suppose r - 693 = -2*z, 2*r + 3*z - 1362 = 28. What is the hundreds digit of r?
7
Let v(w) = 2*w**3 + 25*w**2 - 18*w - 20. What is the hundreds digit of v(-12)?
3
Suppose 4*u + 4*m = 8*m + 12, 5*u - 5 = -5*m. Let c(j) = 45*j + j**u - 45*j - 1. What is the units digit of c(-2)?
3
Let w be ((-4)/(-6))/((-4)/(-3378)). Let u = -384 + w. Suppose 5*r + 14 = u. What is the units digit of r?
3
Suppose 305*n = 302*n + 54. What is the units digit of n?
8
Let v(c) = c**3 + 8*c**2 - 129*c - 15. What is the thousands digit of v(12)?
1
Let y(k) be the first derivative of -k**3/3 - 7*k**2/2 - 3. Let f be y(-7). Suppose 3*o - 8*o + 125 = f. What is the tens digit of o?
2
Let a = -26 - -24. What is the tens digit of ((-2)/a)/((-4)/(-164))?
4
Suppose 15720 = 22*g - 2*g. What is the tens digit of g?
8
Suppose -39596 = -45*a + 8959. What is the thousands digit of a?
1
Let k(p) = -2*p**3 - 6*p**2 + 7*p - 19. What is the units digit of k(-7)?
4
Let m be 1*193*(-11)/11. Let k = -84 - m. Suppose -10 = 3*s - k. What is the units digit of s?
3
Let y = -23 - -26. Let k(a) = -a**2 + 5*a - 1. What is the units digit of k(y)?
5
Let y(c) be the first derivative of c**4/4 - c**3 + 8*c**2 - 5*c - 50. What is the tens digit of y(7)?
0
Let s(y) = -y**2 + 6*y + 10. Let m be s(7). Suppose 0 = 4*q - m*q - 35. Suppose 2*r = q - 5. What is the units digit of r?
5
Suppose r = -2*r + 66. Suppose -15*d + r = -13*d. Suppose -x - 5 + d = 0. What is the units digit of x?
6
Suppose -10 = 4*d - 50. Suppose -3*t = -t - d. Suppose -3*c = 5*k + t - 16, -c = 4*k - 6. What is the units digit of k?
1
Suppose -j = -4*a + 46, 0 = -4*a - j + 40 + 2. Let k(p) = 2*p - 1. Let u be k(a). What is the units digit of u/2*10/3?
5
Let q(z) = 18*z + 464. What is the units digit of q(0)?
4
Let z = -3518 + 8222. What is the hundreds digit of z?
7
Let k = 26 - 43. Let d = -8 - k. Suppose -3*y - 69 = -3*j, -4*j - d = 5*y - 128. What is the units digit of j?
6
Suppose b = 3*b - 16. Let y = b + -10. What is the tens digit of y/(-7) - 384/(-28)?
1
Let n = 72 + -129. Let z = 184 + n. What is the tens digit of z?
2
Let c(l) = -32*l - 82. What is the hundreds digit of c(-8)?
1
Let t(r) = r**2 - 4*r + 9. Let j be t(3). Suppose -j = -5*y + 3*y. What is the units digit of y?
3
Let s(j) = 8*j**2 + 2*j. What is the tens digit of s(13)?
7
Suppose -2*b = -5*n - 655 - 217, 4*b = 2*n + 1776. What is the hundreds digit of b?
4
Suppose -4*d - 5*k = -30, d = -3*k + 5*k + 1. Suppose 83 = -d*x + 708. What is the hundreds digit of x?
1
Let j(q) = -q**2 + 8*q + 6*q + 7 + 8*q + 8. What is the units digit of j(21)?
6
Let v = 90 - 191. Let t = -53 - v. What is the tens digit of t?
4
Suppose m = 5*x - 5, -x + 18 = 4*m - 2*x. Let n(w) = -2*w**3 + w**2 - 3*w - 3. Let y be n(-2). Suppose y - m = f. What is the units digit of f?
8
Let f(i) = i**2 - 9*i + 14. Let m be f(7). Suppose v - g = 67, -335 = -m*v - 5*v - 4*g. What is the units digit of v?
7
Let r(d) = -73*d - 2. What is the hundreds digit of r(-8)?
5
Let p = -4 - -7. Suppose -3*i + 5*d = -160, -3*i + 53 + 97 = -p*d. Suppose i + 3 = 2*x. What is the units digit of x?
4
Suppose 0*m - 3*d = -4*m - 3, -4*d + 8 = -4*m. Suppose 1 - 13 = m*c. Let b(u) = 4*u**2 + 4*u + 6. What is the units digit of b(c)?
4
Let d(h) = -h**2 - 4*h + 52. Let t be d(7). Suppose 3*k + 33 = -3*w, -2*k + 68 = -4*w - 0*w. Let f = w - t. What is the units digit of f?
0
Suppose -4*b = 2*b + 240. Let g be (210/b)/(6/(-32)). What is the tens digit of 746/14 - 8/g?
5
Let z = -624 - -884. What is the tens digit of z?
6
Let x = 5046 + -3360. What is the units digit of x?
6
Suppose -3*u = 4*u - 4704. What is the units digit of u?
2
Let o = 788 - 71. What is the tens digit of o/11 - (-20)/(-110)?
6
Let c(x) = -x**3 - 4*x**2 - 4*x - 3. Let v be c(-3). Suppose v = i - 3. Let q(g) = g**2 + g. What is the tens digit of q(i)?
1
Suppose 0 = -5*x + 5*g - 15 + 5, -2*x = -5*g + 16. Suppose -5 - 7 = 3*l, 0 = 4*y - x*l + 8. What is the units digit of 3*1*y/(-3)?
4
Suppose -13678 = -10*z + 3*z. What is the thousands digit of z?
1
Suppose -18*k + 732 = -12*k. Let d = -46 + k. What is the units digit of d?
6
Suppose 4*l - 3*h = 2263 - 681, -4*h - 1977 = -5*l. Let d = 663 - l. What is the tens digit of d?
6
Let g(o) = -25*o**3 + o**2. Suppose -2*v = 5*z + 22, 0 = v + 4*v + 3*z + 17. Let s be (2/4)/(v/2). What is the tens digit of g(s)?
2
What is the thousands digit of 3031 + 1 - -6*(-8 - -9)?
3
Let n = 22 + -43. Suppose -q - 18 = -0. What is the units digit of (q/7)/(3/n)?
8
Let h(a) = -22*a + 26. Let y be h(3). What is the tens digit of 0 + (228/15)/((-2)/y)?
0
Suppose 2*u = 4*v, 0 = -u + 5*u - 5*v. Let o = u + -4. Let k = o + 18. What is the tens digit of k?
1
Suppose 22 + 27 = b. What is the units digit of b + -1 + (2 - 5)?
5
Suppose 3*x = k + 5, k - 5*x - 8 = -3*k. Let i(h) = 4*h**2 + h - 3*h**2 - 2*h + 6. What is the units digit of i(k)?
8
Let c = -6 - -5. Let v be (4/(-10))/(c/10). What is the tens digit of 1/v - (-119)/4?
3
Suppose -j - 5*c + 363 + 219 = 0, 0 = 3*j - 4*c - 1651. What is the tens digit of j?
5
Suppose r = -3*c + 781, 5601 = 5*r + 5*c + 1706. What is the hundreds digit of r?
7
Suppose -k - b = 2*b - 18, -4 = -3*k + b. Suppose m + m - k*q = -11, -2*q + 2 = 0. What is the units digit of (-12)/(m*1) + 3?
6
Let n = -20 + 27. Suppose 400 = -2*x + n*x. What is the units digit of x?
0
Let o = -40 - -13. Let f = o - -48. Suppose 4 = -4*t, -4*v - 3*t = -v - f. What is the units digit of v?
8
Let f = 10 - 7. Let q = 10 - 10. Suppose -111 = -q*v - f*v. What is the units digit of v?
7
Suppose -38*j - 76000 = -88*j. What is the hundreds digit of j?
5
Let q = 8 - 7. Let d(j) be the third derivative of 17*j**5/30 - j**4/24 + j**3/6 + 2*j**2. What is the tens digit of d(q)?
3
Suppose -7 - 3 = -2*z, -3*t + 3 = 3*z. Let r = 16 - t. What is the tens digit of r?
2
Let h be (-4)/(-6)*(-9)/(-2). Let p(o) = -14*o**3 + 10*o - h + 9*o**3 + 8*o**2 - 5 + 4*o**3. What is the units digit of p(9)?
1
Let l be (-10)/12 + 8/(-48). Let v = l + 20. What is the units digit of v?
9
Suppose 2*q + 0*y - 3*y - 796 = 0, 1578 = 4*q + y. What is the tens digit of q?
9
Suppose 3*i = 3*x - 3 + 6, 0 = -4*i - 3*x + 25. Suppose i*j + 5*y - 392 = 0, -3*j - y - 368 = -7*j. What is the units digit of j?
3
Suppose -4*s - 2289 + 8077 = 0. What is the thousands digit of s?
1
Suppose -4*b - 140 = -6484. What is the hundreds digit of b?
5
Let r be (-2)/(-3) - 28/(-3). Let f be r/30 + (-1)/3. Suppose 4*m + f*n = -2*n + 2, 2*m - 5 = 3*n. What is the units digit of m?
1
Let s be (4 + -9)*6/(-15) + -75. Let o = 91 + s. What is the units digit of o?
8
Let q(c) = c**2 + c - 2. Let s be (6/(-4))/((-18)/(-24)). Let l be q(s). Suppose n + 3*n - 84 = l. What is the units digit of n?
1
Let t = 11046 - 6525. What is the hundreds digit of t?
5
Let q(l) = -l**2 - 7*l + 3. Let b = -5 + -2. Let w be q(b). Suppose -w = -3*d + 9. What is the units digit of d?
4
Let b(y) be the second derivative of y**5/20 + 7*y**4/12 + y**3/2 - 2*y**2 + 4*y. What is the tens digit of b(-6)?
1
Let j = 67 + -64. Suppose 704 = j*o + 5*o. What is the units digit of o?
8
Let i = -10 + 13. Suppose -i*l + 1 = o - 7*l, -2*o - 5*l = 24. Let q(c) = -c**3 - 5*c**2 + 2*c - 8. What is the tens digit of q(o)?
7
Suppose 0 = -u - 0 + 3. Let g(v) = -3*v**2 - v + 4. Let b be g(-3). Let y = u - b. What is the tens digit of y?
2
Suppose -r + 16 = 4*j, 24 = -5*r + 3*j - 11. Let t be 1/r - (-39)/12. Suppose -t*u = -94 - 23. What is the tens digit of u?
3
Let j(q) be the second derivative of -q**4/12 - 10*q**3/3 + 5*q**2 + 30*q. What is the hundreds digit of j(-9)?
1
Suppose 32 - 20 = 4*p. Suppose -2*c = p*t - 54 - 109, 4*t + 109 = c. What is the units digit of c?
9
Suppose -48 = -5*l - 4*u - 10, -3*l + 10 = -4*u. What is the tens digit of (l/(12/146))/(2/4)?
4
Let u(s) = s + 4. Let r be u(-2). Suppose r*n = n. Suppose -y + 0*y + 68 = n. What is th